
What are the prime factors of 845881409?
877, 964517
What are the prime factors of 63195977?
13, 211, 23039
What are the prime factors of 302107869?
3, 7, 47, 257, 397
What are the prime factors of 14729190?
2, 3, 5, 7, 70139
List the prime factors of 93058601.
131, 710371
What are the prime factors of 2743034719?
19183, 142993
List the prime factors of 588342716.
2, 13, 11314283
List the prime factors of 9717868.
2, 23, 53, 1993
What are the prime factors of 32648296?
2, 17, 67, 3583
List the prime factors of 732456538.
2, 11, 29, 211, 5441
List the prime factors of 188683486.
2, 94341743
What are the prime factors of 66684112?
2, 11, 107, 3541
What are the prime factors of 272331712?
2, 19, 281, 797
What are the prime factors of 2283142327?
2283142327
What are the prime factors of 80316967?
347, 231461
What are the prime factors of 637114989?
3, 7, 30338809
What are the prime factors of 25908602?
2, 229, 56569
List the prime factors of 8573934023.
73, 1213, 96827
List the prime factors of 7049679435.
3, 5, 156659543
List the prime factors of 3813785794.
2, 7, 13, 20954867
What are the prime factors of 562614859?
37, 15205807
List the prime factors of 360530495.
5, 13, 5546623
List the prime factors of 411097594.
2, 229, 897593
What are the prime factors of 1328179081?
127, 1021, 10243
List the prime factors of 5825192441.
3907, 1490963
What are the prime factors of 261385048?
2, 47, 313, 2221
List the prime factors of 324800279.
193, 241, 6983
List the prime factors of 6480911.
41, 158071
What are the prime factors of 2117831076?
2, 3, 23, 852589
List the prime factors of 1650452701.
17, 53, 277, 389
What are the prime factors of 1970323779?
3, 656774593
What are the prime factors of 1206164244?
2, 3, 31, 3242377
List the prime factors of 2100962880.
2, 3, 5, 243167
List the prime factors of 977552376.
2, 3, 541, 75289
List the prime factors of 1182171746.
2, 7, 12062977
List the prime factors of 258276086.
2, 787, 164089
What are the prime factors of 5345839042?
2, 2672919521
List the prime factors of 814259843.
89, 2797, 3271
List the prime factors of 160656219.
3, 23, 776117
What are the prime factors of 70700492?
2, 29, 609487
What are the prime factors of 7632782?
2, 3816391
List the prime factors of 167436402.
2, 3, 7, 3986581
What are the prime factors of 503014469?
503014469
List the prime factors of 1822446437.
7, 1613, 161407
What are the prime factors of 3428378970?
2, 3, 5, 31, 127, 29027
List the prime factors of 705198108.
2, 3, 43, 1366663
List the prime factors of 403864118.
2, 7, 28847437
What are the prime factors of 4367910?
2, 3, 5, 19, 79, 97
What are the prime factors of 138632315?
5, 163, 170101
What are the prime factors of 8544883988?
2, 29, 73662793
What are the prime factors of 14763789?
3, 113, 1613
List the prime factors of 43243637.
59, 732943
What are the prime factors of 282644857?
11, 41, 79, 7933
List the prime factors of 24489880.
2, 5, 173, 3539
What are the prime factors of 1543710457?
1543710457
List the prime factors of 196993917.
3, 113, 64567
What are the prime factors of 630235263?
3, 7, 19, 71, 22247
List the prime factors of 319550321.
47, 977, 6959
What are the prime factors of 817689399?
3, 23, 107, 110753
List the prime factors of 61936991.
61936991
What are the prime factors of 144302272?
2, 31, 72733
List the prime factors of 7311583739.
7311583739
What are the prime factors of 4103903971?
139, 29524489
What are the prime factors of 959960807?
13, 19, 3886481
What are the prime factors of 2820387239?
40639, 69401
What are the prime factors of 190534476?
2, 3, 11, 61, 23663
List the prime factors of 42599027.
1699, 25073
What are the prime factors of 94234613?
11, 8566783
List the prime factors of 1340940579.
3, 11, 40634563
List the prime factors of 856002358.
2, 3499, 122321
What are the prime factors of 204895165?
5, 101, 631, 643
List the prime factors of 1373216780.
2, 5, 13, 149, 35447
List the prime factors of 148990926.
2, 3, 7, 3547403
List the prime factors of 356717.
31, 37, 311
List the prime factors of 6027541940.
2, 5, 7, 367, 16759
List the prime factors of 209160919.
11, 23, 826723
List the prime factors of 28067946.
2, 3, 4677991
What are the prime factors of 5674498?
2, 17, 47, 53, 67
What are the prime factors of 953303605?
5, 190660721
List the prime factors of 67163814.
2, 3, 421, 8863
List the prime factors of 617253097.
2389, 258373
What are the prime factors of 579749396?
2, 6577, 22037
List the prime factors of 110833314.
2, 3, 1787, 10337
List the prime factors of 212547169.
212547169
What are the prime factors of 3804076994?
2, 1902038497
What are the prime factors of 1759252017?
3, 61, 9613399
What are the prime factors of 411332872?
2, 4513, 11393
What are the prime factors of 411811520?
2, 5, 491, 2621
List the prime factors of 5046216158.
2, 2523108079
List the prime factors of 146634337.
113, 1297649
What are the prime factors of 442911143?
442911143
What are the prime factors of 2367944493?
3, 113, 157, 44491
List the prime factors of 393333142.
2, 196666571
List the prime factors of 26380505.
5, 5276101
What are the prime factors of 585461677?
149, 257, 15289
List the prime factors of 58334464.
2, 227869
List the prime factors of 28167494.
2, 43, 327529
What are the prime factors of 6151415?
5, 109, 11287
What are the prime factors of 5352956216?
2, 669119527
What are the prime factors of 1455206869?
11633, 125093
What are the prime factors of 201200605?
5, 541, 74381
What are the prime factors of 2583846722?
2, 1879, 687559
List the prime factors of 13961433.
3, 79, 58909
What are the prime factors of 127701606?
2, 3, 59, 151, 2389
What are the prime factors of 9052579?
9052579
What are the prime factors of 430725290?
2, 5, 89, 107, 4523
What are the prime factors of 127479327?
3, 42493109
What are the prime factors of 590166602?
2, 73, 163, 24799
What are the prime factors of 2430538131?
3, 7, 113, 20903
List the prime factors of 39436498.
2, 17, 73, 15889
What are the prime factors of 1764297885?
3, 5, 7, 31, 542027
List the prime factors of 1031541873.
3, 8093, 42487
What are the prime factors of 40709793?
3, 23, 589997
List the prime factors of 813620459.
17, 47860027
List the prime factors of 67108896.
2, 3, 43, 5419
List the prime factors of 178635519.
3, 37, 536443
List the prime factors of 382793569.
13967, 27407
What are the prime factors of 689219993?
7, 11, 31, 26249
List the prime factors of 21003432.
2, 3, 17, 51479
List the prime factors of 221847688.
2, 17, 233, 7001
List the prime factors of 2693828272.
2, 239, 704453
List the prime factors of 496358054.
2, 41, 6053147
What are the prime factors of 461352906?
2, 3, 7, 23, 397, 401
What are the prime factors of 1779492997?
233, 929, 8221
List the prime factors of 781515041.
17, 241, 190753
What are the prime factors of 2539247436?
2, 3, 11, 582931
List the prime factors of 819257805.
3, 5, 107, 229, 743
What are the prime factors of 597579666?
2, 3, 99596611
What are the prime factors of 23370444?
2, 3, 17, 4243
List the prime factors of 55293405.
3, 5, 1543, 2389
List the prime factors of 286765725.
3, 5, 23, 37, 4493
List the prime factors of 3065061436.
2, 41, 599, 761
What are the prime factors of 7899521504?
2, 7, 911, 38711
What are the prime factors of 3306363327?
3, 37, 3309673
What are the prime factors of 2250270673?
7, 487, 660097
What are the prime factors of 170518174?
2, 85259087
List the prime factors of 892834028.
2, 1223, 182509
List the prime factors of 18193044.
2, 3, 1516087
List the prime factors of 61822643.
23, 116867
List the prime factors of 508328422.
2, 7, 37, 127, 7727
What are the prime factors of 1290049030?
2, 5, 37, 3486619
List the prime factors of 109000316.
2, 27250079
What are the prime factors of 429073213?
53, 163, 49667
What are the prime factors of 2001071237?
11, 239, 761153
What are the prime factors of 384261724?
2, 7, 11, 37, 4817
What are the prime factors of 2898843476?
2, 724710869
List the prime factors of 98056617.
3, 47, 79, 8803
List the prime factors of 17818272.
2, 3, 41, 503
What are the prime factors of 39584411?
5273, 7507
List the prime factors of 165135460.
2, 5, 7, 19, 62081
List the prime factors of 122886684.
2, 3, 3413519
List t